ainder when 104741 is divided by 134.
87
Calculate the remainder when 71611 is divided by 6474.
397
What is the remainder when 2055461 is divided by 514?
489
What is the remainder when 13440066 is divided by 178?
176
What is the remainder when 2960713 is divided by 2281?
2256
What is the remainder when 6847 is divided by 200?
47
What is the remainder when 3874873 is divided by 149033?
15
What is the remainder when 1498044 is divided by 555?
99
What is the remainder when 965297 is divided by 1423?
503
Calculate the remainder when 451335 is divided by 1244.
1007
What is the remainder when 15952517 is divided by 3275?
3267
What is the remainder when 335182295 is divided by 84749?
0
What is the remainder when 40180231 is divided by 10045056?
7
What is the remainder when 34102 is divided by 7?
5
Calculate the remainder when 90287420 is divided by 70.
20
What is the remainder when 412781749 is divided by 10?
9
What is the remainder when 1074188 is divided by 1788?
1388
What is the remainder when 262414189 is divided by 7298?
3
What is the remainder when 11341954 is divided by 45187?
17
What is the remainder when 120840 is divided by 4320?
4200
What is the remainder when 886436995 is divided by 667?
665
Calculate the remainder when 6850899 is divided by 100.
99
Calculate the remainder when 7380082 is divided by 8.
2
What is the remainder when 419665 is divided by 47?
2
What is the remainder when 3131491 is divided by 366?
361
Calculate the remainder when 40597 is divided by 4746.
2629
What is the remainder when 609146 is divided by 8846?
7618
What is the remainder when 7409910 is divided by 1559?
1542
Calculate the remainder when 110854 is divided by 4432.
54
What is the remainder when 102026 is divided by 857?
43
What is the remainder when 3540740 is divided by 3001?
2561
What is the remainder when 11548074 is divided by 1935?
1929
What is the remainder when 17383472 is divided by 17383445?
27
What is the remainder when 41248475 is divided by 9?
8
What is the remainder when 452936 is divided by 45292?
16
What is the remainder when 224026 is divided by 74661?
43
What is the remainder when 47421 is divided by 47170?
251
Calculate the remainder when 5412565 is divided by 10.
5
What is the remainder when 1274184 is divided by 1090?
1064
Calculate the remainder when 8550947 is divided by 328882.
15
Calculate the remainder when 20824 is divided by 10230.
364
What is the remainder when 56906 is divided by 3160?
26
What is the remainder when 5268 is divided by 249?
39
Calculate the remainder when 4261745 is divided by 1460.
5
What is the remainder when 209459 is divided by 1007?
3
What is the remainder when 22133665 is divided by 663?
73
Calculate the remainder when 652839 is divided by 3400.
39
What is the remainder when 12781000 is divided by 511239?
25
What is the remainder when 119419 is divided by 1010?
239
Calculate the remainder when 7908369 is divided by 583.
557
Calculate the remainder when 318653 is divided by 4930.
3133
What is the remainder when 2940145 is divided by 1322?
17
Calculate the remainder when 101359 is divided by 218.
207
What is the remainder when 2539986 is divided by 423235?
576
What is the remainder when 9846471 is divided by 1388?
1387
Calculate the remainder when 51432 is divided by 25406.
620
Calculate the remainder when 559225 is divided by 6904.
1
What is the remainder when 14771100 is divided by 7385543?
14
What is the remainder when 1955 is divided by 182?
135
What is the remainder when 155103 is divided by 290?
243
Calculate the remainder when 21347889 is divided by 185.
184
What is the remainder when 83605861 is divided by 579?
577
Calculate the remainder when 5715188 is divided by 6894.
62
What is the remainder when 1305318 is divided by 18129?
30
What is the remainder when 25543 is divided by 24313?
1230
Calculate the remainder when 87261716 is divided by 488.
484
Calculate the remainder when 949647 is divided by 1243.
1238
Calculate the remainder when 182540 is divided by 6275.
565
What is the remainder when 5291918 is divided by 11?
5
Calculate the remainder when 9058945 is divided by 3019640.
25
Calculate the remainder when 2932601 is divided by 1755.
1751
What is the remainder when 45440159 is divided by 89?
52
What is the remainder when 3999514247 is divided by 53?
51
Calculate the remainder when 42293269 is divided by 86137.
2
Calculate the remainder when 10530159 is divided by 161.
115
What is the remainder when 1607661 is divided by 803781?
99
What is the remainder when 6296784 is divided by 144?
96
Calculate the remainder when 79187 is divided by 4940.
147
Calculate the remainder when 20098 is divided by 178.
162
What is the remainder when 362344 is divided by 131?
129
What is the remainder when 20053538 is divided by 2210?
2208
What is the remainder when 120413 is divided by 10946?
7
What is the remainder when 13654841 is divided by 12?
5
What is the remainder when 7175 is divided by 371?
126
Calculate the remainder when 66254 is divided by 720.
14
Calculate the remainder when 58639426 is divided by 34.
0
What is the remainder when 9838 is divided by 2420?
158
Calculate the remainder when 3868351 is divided by 384.
319
What is the remainder when 2776100 is divided by 422?
184
What is the remainder when 4832438 is divided by 34?
18
What is the remainder when 1515779 is divided by 56115?
674
What is the remainder when 18460452 is divided by 7214?
7040
Calculate the remainder when 3906482 is divided by 159.
11
Calculate the remainder when 56114 is divided by 1345.
969
Calculate the remainder when 17409875 is divided by 17409850.
25
What is the remainder when 68005 is divided by 271?
255
What is the remainder when 267965 is divided by 66965?
105
Calculate the remainder when 6290518 is divided by 2753.
2666
Calculate the remainder when 3083677 is divided by 892.
33
What is the remainder when 1013190 is divided by 77935?
35
Calculate the remainder when 295821 is divided by 8460.
8181
Calculate the remainder when 421374 is divided by 3628.
526
Calculate the remainder when 1021890 is divided by 340503.
381
Calculate the remainder when 33955 is divided by 7889.
2399
What is the remainder when 153037266 is divided by 6668?
6666
Calculate the remainder when 4217177 is divided by 2108529.
119
Calculate the remainder when 122820 is divided by 44.
16
Calculate the remainder when 64565281 is divided by 12913050.
31
What is the remainder when 919377 is divided by 615?
567
What is the remainder when 9083651 is divided by 2614?
1
Calculate the remainder when 1333350 is divided by 444410.
120
Calculate the remainder when 21540174 is divided by 10.
4
What is the remainder when 1162254 is divided by 13985?
1499
Calculate the remainder when 5687824 is divided by 768.
16
What is the remainder when 3200413 is divided by 423?
418
What is the remainder when 62105699 is divided by 15?
14
What is the remainder when 4810750 is divided by 1118?
1114
What is the remainder when 260062 is divided by 2550?
2512
Calculate the remainder when 145316 is divided by 144889.
427
Calculate the remainder when 5237773 is divided by 14.
9
What is the remainder when 1670632 is divided by 835096?
440
What is the remainder when 95292241 is divided by 30?
1
What is the remainder when 477913 is divided by 13645?
338
What is the remainder when 75479 is divided by 37723?
33
What is the remainder when 557435 is divided by 557412?
23
Calculate the remainder when 7742847 is divided by 109054.
13
Calculate the remainder when 6250960 is divided by 1515.
70
Calculate the remainder when 6526493 is divided by 62157.
8
Calculate the remainder when 33969 is divided by 1957.
700
Calculate the remainder when 328781 is divided by 481.
258
Calculate the remainder when 1669458 is divided by 3109.
3034
Calculate the remainder when 1441255 is divided by 480416.
7
Calculate the remainder when 110465 is divided by 12176.
881
Calculate the remainder when 1043278 is divided by 11218.
4
Calculate the remainder when 156457006 is divided by 151900.
6
Calculate the remainder when 434604 is divided by 33431.
1
Calculate the remainder when 321839 is divided by 53639.
5
What is the remainder when 9696 is divided by 1304?
568
Calculate the remainder when 766221 is divided by 346.
177